{"id":33,"date":"2024-05-15T23:59:56","date_gmt":"2024-05-16T03:59:56","guid":{"rendered":"https:\/\/eslared.net\/walc2024\/?page_id=33"},"modified":"2024-06-18T21:47:41","modified_gmt":"2024-06-19T01:47:41","slug":"organizacion","status":"publish","type":"page","link":"https:\/\/eslared.net\/walc2024\/?page_id=33","title":{"rendered":"Organizaci\u00f3n"},"content":{"rendered":"\t\t<div data-elementor-type=\"wp-page\" data-elementor-id=\"33\" class=\"elementor elementor-33\">\n\t\t\t\t<div class=\"elementor-element elementor-element-12bcc0e e-flex e-con-boxed e-con e-parent\" data-id=\"12bcc0e\" data-element_type=\"container\">\n\t\t\t\t\t<div class=\"e-con-inner\">\n\t\t\t\t<div class=\"elementor-element elementor-element-7fd3aa1 elementor-widget elementor-widget-heading\" data-id=\"7fd3aa1\" data-element_type=\"widget\" data-widget_type=\"heading.default\">\n\t\t\t\t<div class=\"elementor-widget-container\">\n\t\t\t\t\t<h1 class=\"elementor-heading-title elementor-size-default\">Organizaci\u00f3n<\/h1>\t\t\t\t<\/div>\n\t\t\t\t<\/div>\n\t\t\t\t\t<\/div>\n\t\t\t\t<\/div>\n\t\t<div class=\"elementor-element elementor-element-93ccadc e-flex e-con-boxed e-con e-parent\" data-id=\"93ccadc\" data-element_type=\"container\">\n\t\t\t\t\t<div class=\"e-con-inner\">\n\t\t<div class=\"elementor-element elementor-element-d92ea5e e-con-full e-flex e-con e-child\" data-id=\"d92ea5e\" data-element_type=\"container\">\n\t\t\t\t<div class=\"elementor-element elementor-element-8f562b7 elementor-widget elementor-widget-heading\" data-id=\"8f562b7\" data-element_type=\"widget\" data-widget_type=\"heading.default\">\n\t\t\t\t<div class=\"elementor-widget-container\">\n\t\t\t\t\t<h4 class=\"elementor-heading-title elementor-size-default\">Organizaci\u00f3n general<\/h4>\t\t\t\t<\/div>\n\t\t\t\t<\/div>\n\t\t\t\t<div class=\"elementor-element elementor-element-92968b7 elementor-widget elementor-widget-text-editor\" data-id=\"92968b7\" data-element_type=\"widget\" data-widget_type=\"text-editor.default\">\n\t\t\t\t<div class=\"elementor-widget-container\">\n\t\t\t\t\t\t\t\t\t<ul><li>Edmundo Vitale (Coordinador)<\/li><li>Ver\u00f3nica Mor\u00e1n (Asistente)<\/li><\/ul>\t\t\t\t\t\t\t\t<\/div>\n\t\t\t\t<\/div>\n\t\t\t\t<\/div>\n\t\t<div class=\"elementor-element elementor-element-5e9da30 e-con-full e-flex e-con e-child\" data-id=\"5e9da30\" data-element_type=\"container\">\n\t\t\t\t<div class=\"elementor-element elementor-element-b554fbd elementor-widget elementor-widget-heading\" data-id=\"b554fbd\" data-element_type=\"widget\" data-widget_type=\"heading.default\">\n\t\t\t\t<div class=\"elementor-widget-container\">\n\t\t\t\t\t<h4 class=\"elementor-heading-title elementor-size-default\">Comit\u00e9 de programa<\/h4>\t\t\t\t<\/div>\n\t\t\t\t<\/div>\n\t\t\t\t<div class=\"elementor-element elementor-element-35c4e0f elementor-widget elementor-widget-text-editor\" data-id=\"35c4e0f\" data-element_type=\"widget\" data-widget_type=\"text-editor.default\">\n\t\t\t\t<div class=\"elementor-widget-container\">\n\t\t\t\t\t\t\t\t\t<ul><li>Ermanno Pietrosemoli (Coordinador)<\/li><li>Edmundo Vitale<\/li><li>Jos\u00e9 Dom\u00ednguez<\/li><li>Steven Huter<\/li><\/ul>\t\t\t\t\t\t\t\t<\/div>\n\t\t\t\t<\/div>\n\t\t\t\t<\/div>\n\t\t\t\t\t<\/div>\n\t\t\t\t<\/div>\n\t\t<div class=\"elementor-element elementor-element-556a3fe e-flex e-con-boxed e-con e-parent\" data-id=\"556a3fe\" data-element_type=\"container\">\n\t\t\t\t\t<div class=\"e-con-inner\">\n\t\t\t\t<div class=\"elementor-element elementor-element-47721ee elementor-widget elementor-widget-heading\" data-id=\"47721ee\" data-element_type=\"widget\" data-widget_type=\"heading.default\">\n\t\t\t\t<div class=\"elementor-widget-container\">\n\t\t\t\t\t<h4 class=\"elementor-heading-title elementor-size-default\">Instituci\u00f3n organizadora<\/h4>\t\t\t\t<\/div>\n\t\t\t\t<\/div>\n\t\t\t\t\t<\/div>\n\t\t\t\t<\/div>\n\t\t<div class=\"elementor-element elementor-element-6234614 e-flex e-con-boxed e-con e-parent\" data-id=\"6234614\" data-element_type=\"container\">\n\t\t\t\t\t<div class=\"e-con-inner\">\n\t\t<div class=\"elementor-element elementor-element-572ea04 e-con-full e-flex e-con e-child\" data-id=\"572ea04\" data-element_type=\"container\">\n\t\t\t\t<div class=\"elementor-element elementor-element-6916eaa elementor-widget elementor-widget-spacer\" data-id=\"6916eaa\" data-element_type=\"widget\" data-widget_type=\"spacer.default\">\n\t\t\t\t<div class=\"elementor-widget-container\">\n\t\t\t\t\t\t\t<div class=\"elementor-spacer\">\n\t\t\t<div class=\"elementor-spacer-inner\"><\/div>\n\t\t<\/div>\n\t\t\t\t\t\t<\/div>\n\t\t\t\t<\/div>\n\t\t\t\t<div class=\"elementor-element elementor-element-4c7e586 elementor-widget elementor-widget-image\" data-id=\"4c7e586\" data-element_type=\"widget\" data-widget_type=\"image.default\">\n\t\t\t\t<div class=\"elementor-widget-container\">\n\t\t\t\t\t\t\t\t\t\t\t\t\t\t\t<img decoding=\"async\" width=\"293\" height=\"120\" src=\"https:\/\/eslared.net\/walc2024\/wp-content\/uploads\/2024\/05\/eslared_logo_293x120_con_texto-1.png\" class=\"attachment-large size-large wp-image-35\" alt=\"\" \/>\t\t\t\t\t\t\t\t\t\t\t\t\t\t\t<\/div>\n\t\t\t\t<\/div>\n\t\t\t\t<\/div>\n\t\t<div class=\"elementor-element elementor-element-95b8f24 e-con-full e-flex e-con e-child\" data-id=\"95b8f24\" data-element_type=\"container\">\n\t\t\t\t<div class=\"elementor-element elementor-element-5ce1cb3 elementor-widget elementor-widget-image\" data-id=\"5ce1cb3\" data-element_type=\"widget\" data-widget_type=\"image.default\">\n\t\t\t\t<div class=\"elementor-widget-container\">\n\t\t\t\t\t\t\t\t\t\t\t\t\t\t\t<img decoding=\"async\" width=\"150\" height=\"150\" src=\"https:\/\/eslared.net\/walc2024\/wp-content\/uploads\/2024\/05\/venezuela-150x150.png\" class=\"attachment-thumbnail size-thumbnail wp-image-43\" alt=\"\" srcset=\"https:\/\/eslared.net\/walc2024\/wp-content\/uploads\/2024\/05\/venezuela-150x150.png 150w, https:\/\/eslared.net\/walc2024\/wp-content\/uploads\/2024\/05\/venezuela-300x300.png 300w, https:\/\/eslared.net\/walc2024\/wp-content\/uploads\/2024\/05\/venezuela-e1715833364734.png 250w\" sizes=\"(max-width: 150px) 100vw, 150px\" \/>\t\t\t\t\t\t\t\t\t\t\t\t\t\t\t<\/div>\n\t\t\t\t<\/div>\n\t\t\t\t<\/div>\n\t\t\t\t\t<\/div>\n\t\t\t\t<\/div>\n\t\t<div class=\"elementor-element elementor-element-9c918f6 e-flex e-con-boxed e-con e-parent\" data-id=\"9c918f6\" data-element_type=\"container\">\n\t\t\t\t\t<div class=\"e-con-inner\">\n\t\t\t\t<div class=\"elementor-element elementor-element-c713916 elementor-widget elementor-widget-text-editor\" data-id=\"c713916\" data-element_type=\"widget\" data-widget_type=\"text-editor.default\">\n\t\t\t\t<div class=\"elementor-widget-container\">\n\t\t\t\t\t\t\t\t\t<p style=\"text-align: justify;\">La Fundaci\u00f3n Escuela Latinoamericana de Redes (<a href=\"https:\/\/eslared.net\" target=\"_blank\" rel=\"noopener\">Fundaci\u00f3n EsLaRed<\/a>), es una instituci\u00f3n sin fines de lucro dedicada a promover las tecnolog\u00edas de informaci\u00f3n en Am\u00e9rica Latina y el Caribe. Entre sus principales objetivos destacan: Desarrollar, promover y divulgar en el \u00e1mbito de Am\u00e9rica Latina y el Caribe, actividades de formaci\u00f3n de recursos humanos e investigaci\u00f3n en las \u00e1reas de telecomunicaciones, computaci\u00f3n, redes de computadores e inform\u00e1tica en general y sus aplicaciones. Concebir planes de investigaci\u00f3n y desarrollo sobre transferencia tecnol\u00f3gica, con el prop\u00f3sito de facilitar el progreso cient\u00edfico y t\u00e9cnico en Am\u00e9rica Latina y el Caribe. Para tales efectos, la Fundaci\u00f3n tiene las siguientes funciones: Realizar actividades que contribuyan con el desarrollo de las investigaciones o con la formaci\u00f3n de investigadores, tales como cursos, talleres, seminarios, simposios, jornadas y congresos nacionales e internacionales. Prestar servicios de atenci\u00f3n, asesor\u00eda, asistencia, orientaci\u00f3n e investigaci\u00f3n por encomienda de personas naturales o jur\u00eddicas, p\u00fablicas o privadas, en las \u00e1reas de telecomunicaciones, computaci\u00f3n, redes de computadores e inform\u00e1tica en general.<\/p>\t\t\t\t\t\t\t\t<\/div>\n\t\t\t\t<\/div>\n\t\t\t\t\t<\/div>\n\t\t\t\t<\/div>\n\t\t\t\t<\/div>\n\t\t","protected":false},"excerpt":{"rendered":"<p>Organizaci\u00f3n Organizaci\u00f3n general Edmundo Vitale (Coordinador) Ver\u00f3nica Mor\u00e1n (Asistente) Comit\u00e9 de programa Ermanno Pietrosemoli (Coordinador) Edmundo Vitale Jos\u00e9 Dom\u00ednguez Steven Huter Instituci\u00f3n organizadora La Fundaci\u00f3n Escuela Latinoamericana de Redes (Fundaci\u00f3n EsLaRed), es una instituci\u00f3n sin fines de lucro dedicada a &hellip; <a href=\"https:\/\/eslared.net\/walc2024\/?page_id=33\">Continuar<\/a><\/p>\n","protected":false},"author":1,"featured_media":0,"parent":0,"menu_order":0,"comment_status":"closed","ping_status":"closed","template":"","meta":{"footnotes":""},"class_list":["post-33","page","type-page","status-publish","hentry"],"_links":{"self":[{"href":"https:\/\/eslared.net\/walc2024\/index.php?rest_route=\/wp\/v2\/pages\/33","targetHints":{"allow":["GET"]}}],"collection":[{"href":"https:\/\/eslared.net\/walc2024\/index.php?rest_route=\/wp\/v2\/pages"}],"about":[{"href":"https:\/\/eslared.net\/walc2024\/index.php?rest_route=\/wp\/v2\/types\/page"}],"author":[{"embeddable":true,"href":"https:\/\/eslared.net\/walc2024\/index.php?rest_route=\/wp\/v2\/users\/1"}],"replies":[{"embeddable":true,"href":"https:\/\/eslared.net\/walc2024\/index.php?rest_route=%2Fwp%2Fv2%2Fcomments&post=33"}],"version-history":[{"count":23,"href":"https:\/\/eslared.net\/walc2024\/index.php?rest_route=\/wp\/v2\/pages\/33\/revisions"}],"predecessor-version":[{"id":1360,"href":"https:\/\/eslared.net\/walc2024\/index.php?rest_route=\/wp\/v2\/pages\/33\/revisions\/1360"}],"wp:attachment":[{"href":"https:\/\/eslared.net\/walc2024\/index.php?rest_route=%2Fwp%2Fv2%2Fmedia&parent=33"}],"curies":[{"name":"wp","href":"https:\/\/api.w.org\/{rel}","templated":true}]}}