{"id":307,"date":"2025-02-25T10:22:45","date_gmt":"2025-02-25T14:22:45","guid":{"rendered":"https:\/\/eslared.net\/auditoria-social-tic\/?page_id=307"},"modified":"2025-02-25T12:32:31","modified_gmt":"2025-02-25T16:32:31","slug":"situacion-en-venezuela","status":"publish","type":"page","link":"https:\/\/eslared.net\/auditoria-social-tic\/situacion-en-venezuela\/","title":{"rendered":"Situaci\u00f3n en Venezuela"},"content":{"rendered":"\t\t<div data-elementor-type=\"wp-page\" data-elementor-id=\"307\" class=\"elementor elementor-307\">\n\t\t\t\t<div class=\"elementor-element elementor-element-595fb93 e-flex e-con-boxed e-con e-parent\" data-id=\"595fb93\" data-element_type=\"container\" data-settings=\"{&quot;background_background&quot;:&quot;classic&quot;}\">\n\t\t\t\t\t<div class=\"e-con-inner\">\n\t\t\t\t<div class=\"elementor-element elementor-element-9c3ac06 elementor-widget elementor-widget-heading\" data-id=\"9c3ac06\" data-element_type=\"widget\" data-widget_type=\"heading.default\">\n\t\t\t\t<div class=\"elementor-widget-container\">\n\t\t\t\t\t<h2 class=\"elementor-heading-title elementor-size-default\">Situaci\u00f3n en Venezuela<\/h2>\t\t\t\t<\/div>\n\t\t\t\t<\/div>\n\t\t\t\t\t<\/div>\n\t\t\t\t<\/div>\n\t\t<div class=\"elementor-element elementor-element-3753741 e-flex e-con-boxed e-con e-parent\" data-id=\"3753741\" data-element_type=\"container\">\n\t\t\t\t\t<div class=\"e-con-inner\">\n\t\t\t\t<div class=\"elementor-element elementor-element-561e8d1 elementor-widget elementor-widget-spacer\" data-id=\"561e8d1\" data-element_type=\"widget\" data-widget_type=\"spacer.default\">\n\t\t\t\t<div class=\"elementor-widget-container\">\n\t\t\t\t\t\t\t<div class=\"elementor-spacer\">\n\t\t\t<div class=\"elementor-spacer-inner\"><\/div>\n\t\t<\/div>\n\t\t\t\t\t\t<\/div>\n\t\t\t\t<\/div>\n\t\t\t\t\t<\/div>\n\t\t\t\t<\/div>\n\t\t<div class=\"elementor-element elementor-element-a2448a3 e-flex e-con-boxed e-con e-parent\" data-id=\"a2448a3\" data-element_type=\"container\">\n\t\t\t\t\t<div class=\"e-con-inner\">\n\t\t\t\t<div class=\"elementor-element elementor-element-8a31f81 elementor-widget elementor-widget-heading\" data-id=\"8a31f81\" data-element_type=\"widget\" data-widget_type=\"heading.default\">\n\t\t\t\t<div class=\"elementor-widget-container\">\n\t\t\t\t\t<h2 class=\"elementor-heading-title elementor-size-default\">Introducci\u00f3n<\/h2>\t\t\t\t<\/div>\n\t\t\t\t<\/div>\n\t\t\t\t\t<\/div>\n\t\t\t\t<\/div>\n\t\t<div class=\"elementor-element elementor-element-2e1af54 e-flex e-con-boxed e-con e-parent\" data-id=\"2e1af54\" data-element_type=\"container\">\n\t\t\t\t\t<div class=\"e-con-inner\">\n\t\t\t\t<div class=\"elementor-element elementor-element-28f9157 elementor-widget elementor-widget-text-editor\" data-id=\"28f9157\" data-element_type=\"widget\" data-widget_type=\"text-editor.default\">\n\t\t\t\t<div class=\"elementor-widget-container\">\n\t\t\t\t\t\t\t\t\t<p style=\"text-align: justify;\">En las \u00faltimas d\u00e9cadas Venezuela ha estado sumergida en una opacidad en la gesti\u00f3n gubernamental y en la falta de transparencia para acceder a la informaci\u00f3n. Una de las principales causas, de la falta de transparencia de la informaci\u00f3n, es la concentraci\u00f3n del poder y falta de institucionalidad, censura y control de medios. Esta situaci\u00f3n tiene graves consecuencias para la sociedad y promueve la violaci\u00f3n de los derechos humanos; lo cual genera incertidumbre, fomenta la corrupci\u00f3n, limita el control ciudadano, entre otros.<\/p><p style=\"text-align: justify;\">Espec\u00edficamente, la opacidad para acceder a la informaci\u00f3n propaga desconfianza y dificulta la toma de decisiones por parte de los ciudadanos y los distintos actores de la sociedad. Ante este contexto, fortalecer las instituciones encargadas de garantizar la transparencia y promover la participaci\u00f3n ciudadana, es una necesidad imperiosa para el pa\u00eds, ya que se crean las condiciones para garantizar las libertades de los ciudadanos y defensa los derechos humanos.<\/p><p style=\"text-align: justify;\">La crisis en Venezuela es un tema complejo que tiene consecuencias pol\u00edticas, econ\u00f3micas y sociales. Espec\u00edficamente, la crisis econ\u00f3mica ha ocasionado inestabilidad pol\u00edtica y social, mientras que la inestabilidad pol\u00edtica ha agravado la crisis econ\u00f3mica; as\u00ed como tambi\u00e9n, ha aumentado la violaci\u00f3n de los DDHH y libertades de los venezolanos.<\/p><p style=\"text-align: justify;\">Particularmente, la falta de transparencia y opacidad para acceder a la informaci\u00f3n p\u00fablica en asuntos de inter\u00e9s colectivo, se increment\u00f3 y ha sido una constante en los \u00faltimos a\u00f1os; lo cual, va en contra de los principios fundamentales de nuestra Constituci\u00f3n Nacional y leyes como la Ley de Transparencia y Acceso a la Informaci\u00f3n P\u00fablica, instrumentos<br \/>legales que son garantes al derecho al acceso a la informaci\u00f3n de inter\u00e9s p\u00fablico.<\/p><p><a href=\"https:\/\/eslared.net\/auditoria-social-tic\/wp-content\/uploads\/2025\/02\/SituacionActualenezuela_Febrero2025.pdf\" target=\"_blank\" rel=\"noopener\"><strong>Leer m\u00e1s &#8230;<\/strong><\/a><\/p>\t\t\t\t\t\t\t\t<\/div>\n\t\t\t\t<\/div>\n\t\t\t\t\t<\/div>\n\t\t\t\t<\/div>\n\t\t\t\t<\/div>\n\t\t","protected":false},"excerpt":{"rendered":"<p>Situaci\u00f3n en Venezuela Introducci\u00f3n En las \u00faltimas d\u00e9cadas Venezuela ha estado sumergida en una opacidad en la gesti\u00f3n gubernamental y en la falta de transparencia para acceder a la informaci\u00f3n. Una de las principales causas, de la falta de transparencia de la informaci\u00f3n, es la concentraci\u00f3n del poder y falta de institucionalidad, censura y control&hellip;&nbsp;<a href=\"https:\/\/eslared.net\/auditoria-social-tic\/situacion-en-venezuela\/\" rel=\"bookmark\">Leer m\u00e1s &raquo;<span class=\"screen-reader-text\">Situaci\u00f3n en Venezuela<\/span><\/a><\/p>\n","protected":false},"author":1,"featured_media":0,"parent":0,"menu_order":0,"comment_status":"closed","ping_status":"closed","template":"page-templates\/template-pagebuilder-full-width.php","meta":{"neve_meta_sidebar":"","neve_meta_container":"","neve_meta_enable_content_width":"","neve_meta_content_width":0,"neve_meta_title_alignment":"","neve_meta_author_avatar":"","neve_post_elements_order":"","neve_meta_disable_header":"","neve_meta_disable_footer":"","neve_meta_disable_title":"","footnotes":""},"class_list":["post-307","page","type-page","status-publish","hentry"],"_links":{"self":[{"href":"https:\/\/eslared.net\/auditoria-social-tic\/wp-json\/wp\/v2\/pages\/307","targetHints":{"allow":["GET"]}}],"collection":[{"href":"https:\/\/eslared.net\/auditoria-social-tic\/wp-json\/wp\/v2\/pages"}],"about":[{"href":"https:\/\/eslared.net\/auditoria-social-tic\/wp-json\/wp\/v2\/types\/page"}],"author":[{"embeddable":true,"href":"https:\/\/eslared.net\/auditoria-social-tic\/wp-json\/wp\/v2\/users\/1"}],"replies":[{"embeddable":true,"href":"https:\/\/eslared.net\/auditoria-social-tic\/wp-json\/wp\/v2\/comments?post=307"}],"version-history":[{"count":13,"href":"https:\/\/eslared.net\/auditoria-social-tic\/wp-json\/wp\/v2\/pages\/307\/revisions"}],"predecessor-version":[{"id":347,"href":"https:\/\/eslared.net\/auditoria-social-tic\/wp-json\/wp\/v2\/pages\/307\/revisions\/347"}],"wp:attachment":[{"href":"https:\/\/eslared.net\/auditoria-social-tic\/wp-json\/wp\/v2\/media?parent=307"}],"curies":[{"name":"wp","href":"https:\/\/api.w.org\/{rel}","templated":true}]}}